1?
9
What is the units digit of 18108?
8
What is the units digit of 297?
7
What is the thousands digit of 4091?
4
What is the hundreds digit of 8474?
4
What is the tens digit of 433?
3
What is the units digit of 1520?
0
What is the tens digit of 23452?
5
What is the tens digit of 9235?
3
What is the hundreds digit of 2826?
8
What is the hundreds digit of 78438?
4
What is the thousands digit of 6975?
6
What is the thousands digit of 2230?
2
What is the ten thousands digit of 38761?
3
What is the hundreds digit of 17343?
3
What is the hundreds digit of 4900?
9
What is the thousands digit of 72287?
2
What is the tens digit of 8593?
9
What is the units digit of 420?
0
What is the thousands digit of 75399?
5
What is the units digit of 639?
9
What is the tens digit of 4036?
3
What is the units digit of 978?
8
What is the hundreds digit of 1697?
6
What is the tens digit of 7349?
4
What is the tens digit of 382?
8
What is the ten thousands digit of 41117?
4
What is the thousands digit of 6196?
6
What is the tens digit of 15321?
2
What is the hundreds digit of 668?
6
What is the hundreds digit of 14254?
2
What is the units digit of 112518?
8
What is the hundreds digit of 23483?
4
What is the units digit of 23242?
2
What is the units digit of 26298?
8
What is the hundreds digit of 14286?
2
What is the ten thousands digit of 17337?
1
What is the ten thousands digit of 149050?
4
What is the tens digit of 149759?
5
What is the ten thousands digit of 19702?
1
What is the tens digit of 95933?
3
What is the hundreds digit of 3653?
6
What is the thousands digit of 4205?
4
What is the ten thousands digit of 13001?
1
What is the tens digit of 669?
6
What is the hundreds digit of 249?
2
What is the tens digit of 647?
4
What is the units digit of 2840?
0
What is the thousands digit of 14945?
4
What is the hundreds digit of 6361?
3
What is the units digit of 4043?
3
What is the hundreds digit of 5306?
3
What is the ten thousands digit of 25435?
2
What is the units digit of 3634?
4
What is the thousands digit of 91784?
1
What is the hundreds digit of 473?
4
What is the thousands digit of 69848?
9
What is the tens digit of 54822?
2
What is the hundreds digit of 4066?
0
What is the thousands digit of 14530?
4
What is the hundreds digit of 16731?
7
What is the thousands digit of 2748?
2
What is the ten thousands digit of 13447?
1
What is the tens digit of 66319?
1
What is the hundreds digit of 97610?
6
What is the tens digit of 37392?
9
What is the ten thousands digit of 11115?
1
What is the hundreds digit of 5790?
7
What is the units digit of 1681?
1
What is the hundreds digit of 506?
5
What is the tens digit of 1968?
6
What is the ten thousands digit of 60209?
6
What is the hundreds digit of 9242?
2
What is the ten thousands digit of 65873?
6
What is the tens digit of 77639?
3
What is the tens digit of 59752?
5
What is the hundreds digit of 39924?
9
What is the ten thousands digit of 14704?
1
What is the units digit of 1428?
8
What is the thousands digit of 7835?
7
What is the tens digit of 35688?
8
What is the hundreds digit of 956?
9
What is the ten thousands digit of 57282?
5
What is the thousands digit of 1608?
1
What is the units digit of 102?
2
What is the tens digit of 249?
4
What is the hundreds digit of 1378?
3
What is the hundreds digit of 755?
7
What is the ten thousands digit of 16674?
1
What is the units digit of 10342?
2
What is the thousands digit of 7611?
7
What is the hundreds digit of 1059?
0
What is the tens digit of 16390?
9
What is the tens digit of 387?
8
What is the tens digit of 10653?
5
What is the tens digit of 19685?
8
What is the tens digit of 262?
6
What is the hundreds digit of 2703?
7
What is the units digit of 68?
8
What is the ten thousands digit of 22595?
2
What is the thousands digit of 4766?
4
What is the units digit of 550?
0
What is the units digit of 53176?
6
What is the units digit of 566?
6
What is the hundreds digit of 75081?
0
What is the hundreds digit of 127230?
2
What is the thousands digit of 6948?
6
What is the tens digit of 69646?
4
What is the thousands digit of 3271?
3
What is the tens digit of 42036?
3
What is the hundreds digit of 1785?
7
What is the units digit of 1563?
3
What is the ten thousands digit of 134811?
3
What is the thousands digit of 30751?
0
What is the units digit of 185?
5
What is the ten thousands digit of 27498?
2
What is the thousands digit of 7540?
7
What is the hundreds digit of 2766?
7
What is the units digit of 17668?
8
What is the thousands digit of 31944?
1
What is the tens digit of 37242?
4
What is the hundreds digit of 2249?
2
What is the units digit of 1712?
2
What is the hundreds digit of 79428?
4
What is the units digit of 6394?
4
What is the tens digit of 767?
6
What is the tens digit of 26390?
9
What is the hundreds digit of 1751?
7
What is the hundreds digit of 1653?
6
What is the hundreds digit of 48421?
4
What is the tens digit of 1990?
9
What is the tens digit of 314?
1
What is the units digit of 48205?
5
What is the hundreds digit of 9849?
8
What is the tens digit of 488?
8
What is the tens digit of 14566?
6
What is the hundreds digit of 6180?
1
What is the tens digit of 150?
5
What is the tens digit of 604?
0
What is the units digit of 8952?
2
What is the units digit of 869?
9
What is the units digit of 2736?
6
What is the tens digit of 719?
1
What is the hundreds digit of 26874?
8
What is the tens digit of 17608?
0
What is the units digit of 10378?
8
What is the units digit of 26459?
9
What is the units digit of 99461?
1
What is the thousands digit of 1694?
1
What is the tens digit of 3399?
9
What is the thousands digit of 15236?
5
What is the units digit of 84?
4
What is the tens digit of 39576?
7
What is the hundreds digit of 17091?
0
What is the units digit of 11091?
1
What is the units digit of 856?
6
What is the tens digit of 61253?
5
What is the tens digit of 491?
9
What is the hundreds digit of 58998?
9
What is the tens digit of 268?
6
What is the thousands digit of 101037?
1
What is the hundreds digit of 1701?
7
What is the units digit of 822?
2
What is the ten thousands digit of 66118?
6
What is the thousands digit of 2994?
2
What is the tens digit of 717?
1
What is the thousands digit of 10952?
0
What is the ten thousands digit of 18205?
1
What is the units digit of 1507?
7
What is the units digit of 140634?
4
What is the thousands digit of 18973?
8
What is the thousands digit of 2075?
2
What is the tens digit of 4534?
3
What is the thousands digit of 20175?
0
What is the tens digit of 1301?
0
What is the units digit of 113440?
0
What is the tens digit of 4495?
9
What is the thousands digit of 2360?
2
What is the tens digit of 583?
8
What is the units digit of 13630?
0
What is the ten thousands digit of 84638?
8
What is the thousands digit of 59039?
9
What is the hundreds digit of 5124?
1
What is the units digit of 5779?
9
What is the hundreds digit of 4787?
7
What is the hundreds digit of 6435?
4
What is the tens digit of 6161?
6
What is the units digit of 2425?
5
What is the hundreds digit of 3590?
5
What is the hundreds digit of 15618?
6
What is the units digit of 1376?
6
What is the tens digit of 11249?
4
What is the tens digit of 39345?
4
What is the hundreds digit of 49050?
0
What is the hundreds digit of 20817?
8
What is the units digit of 16806?
6
What is the thousands digit of 34956?
4
What is the hundreds digit of 804?
8
What is the hundreds digit of 5587?
5
What is the units digit of 4720?
0
What is the ten thousands digit of 50461?
5
What is the hundreds digit of 484?
4
What is the units digit of 2120?
0
What is the tens digit of 2026?
2
What is the hundreds digit of 1132?
1
What is the hundreds digit of 53749?
7
What is the units digit of 52660?
0
What is the thousands digit of 2441?
2
What is the hundreds digit of 722?
7
What is the hundreds digit of 4482?
4
What is the tens digit of 638?
3
What is the hundreds digit of 19309?
3
What is the tens digit of 736?
3
What is the thousands digit of 3030?
3
What is the thousands digit of 1686?
1
What is the ten thousands digit of 24140?
2
What is the tens digit of 13112?
1
What is the tens digit of 3005?
0
What is the tens digit of 17039?
3
What is the hundreds digit of 27118?
1
What is the hundreds digit